0 and 145?
5
What is the highest common divisor of 19 and 304?
19
Calculate the greatest common divisor of 13 and 221.
13
What is the greatest common divisor of 305 and 244?
61
What is the greatest common factor of 221 and 78?
13
Calculate the greatest common divisor of 4717 and 267.
89
Calculate the highest common divisor of 10 and 355.
5
What is the highest common divisor of 291 and 3?
3
Calculate the highest common factor of 909 and 101.
101
Calculate the greatest common factor of 592 and 112.
16
Calculate the greatest common factor of 1541 and 23.
23
Calculate the highest common divisor of 3 and 186.
3
Calculate the highest common divisor of 43 and 1247.
43
Calculate the highest common divisor of 8 and 4504.
8
What is the greatest common factor of 78 and 182?
26
What is the highest common divisor of 656 and 16?
16
What is the greatest common divisor of 1422 and 54?
18
What is the highest common factor of 588 and 189?
21
Calculate the greatest common factor of 425 and 17.
17
What is the highest common divisor of 136 and 4930?
34
Calculate the highest common factor of 49167 and 54.
27
Calculate the greatest common divisor of 4704 and 64.
32
What is the highest common divisor of 22 and 22?
22
Calculate the greatest common divisor of 980 and 98.
98
Calculate the highest common divisor of 120 and 36.
12
What is the greatest common factor of 2439 and 9?
9
What is the greatest common factor of 172 and 946?
86
Calculate the highest common divisor of 31897 and 167.
167
What is the highest common divisor of 151 and 11929?
151
What is the greatest common factor of 306 and 10642?
34
Calculate the greatest common divisor of 6 and 122.
2
What is the highest common divisor of 56 and 952?
56
Calculate the greatest common divisor of 1189 and 377.
29
What is the greatest common factor of 357 and 51?
51
Calculate the highest common divisor of 14842 and 410.
82
Calculate the highest common divisor of 248 and 56.
8
What is the highest common factor of 80 and 34480?
80
What is the highest common divisor of 56 and 142184?
56
What is the highest common divisor of 16 and 1264?
16
What is the greatest common factor of 140 and 245?
35
What is the greatest common factor of 7688 and 8?
8
Calculate the highest common divisor of 3 and 177.
3
Calculate the greatest common divisor of 28 and 126.
14
Calculate the highest common factor of 2034 and 54.
18
What is the greatest common divisor of 84 and 4802?
14
What is the greatest common divisor of 281 and 16298?
281
What is the highest common divisor of 105 and 1155?
105
Calculate the highest common divisor of 648 and 6.
6
Calculate the highest common factor of 111 and 481.
37
What is the highest common divisor of 3 and 81?
3
What is the greatest common factor of 4 and 1356?
4
What is the highest common factor of 4 and 8?
4
What is the greatest common divisor of 8492 and 66?
22
What is the greatest common divisor of 209 and 10450?
209
What is the highest common factor of 7936 and 31?
31
Calculate the greatest common factor of 128 and 656.
16
What is the greatest common factor of 126 and 1302?
42
Calculate the greatest common factor of 85 and 30685.
85
Calculate the highest common factor of 4417 and 21.
7
Calculate the highest common divisor of 99 and 2541.
33
Calculate the greatest common factor of 195 and 260.
65
Calculate the greatest common divisor of 120 and 1180.
20
Calculate the greatest common factor of 50 and 325.
25
What is the highest common divisor of 124 and 279?
31
Calculate the highest common factor of 35741 and 103.
103
Calculate the greatest common divisor of 244 and 183.
61
What is the highest common divisor of 342 and 144?
18
What is the highest common divisor of 1064 and 40?
8
What is the greatest common factor of 42 and 462?
42
Calculate the highest common factor of 867 and 51.
51
What is the greatest common divisor of 208 and 48?
16
Calculate the greatest common divisor of 41 and 943.
41
Calculate the greatest common factor of 8560 and 120.
40
Calculate the highest common factor of 213 and 183.
3
What is the greatest common divisor of 138 and 184?
46
Calculate the highest common divisor of 40 and 10.
10
What is the greatest common divisor of 28 and 910?
14
What is the greatest common divisor of 1071 and 2380?
119
Calculate the highest common factor of 169 and 2496.
13
What is the greatest common divisor of 165 and 99?
33
What is the greatest common divisor of 14 and 721?
7
What is the highest common divisor of 19 and 76?
19
What is the highest common factor of 60 and 1500?
60
What is the highest common divisor of 7596 and 36?
36
What is the highest common factor of 693 and 539?
77
Calculate the greatest common divisor of 35391 and 47.
47
Calculate the greatest common factor of 63 and 441.
63
Calculate the highest common divisor of 3341 and 8995.
257
Calculate the highest common factor of 9064 and 88.
88
Calculate the highest common factor of 52 and 28392.
52
Calculate the greatest common divisor of 40 and 4210.
10
Calculate the highest common factor of 17 and 221.
17
Calculate the greatest common divisor of 48 and 16.
16
Calculate the highest common factor of 7794 and 18.
18
What is the highest common divisor of 9 and 873?
9
Calculate the greatest common divisor of 110 and 3245.
55
Calculate the greatest common divisor of 820 and 40.
20
What is the greatest common divisor of 1776 and 136?
8
What is the highest common divisor of 121 and 22?
11
Calculate the highest common factor of 871 and 715.
13
What is the highest common factor of 187 and 34?
17
Calculate the greatest common divisor of 286 and 374.
22
What is the highest common factor of 36 and 2136?
12
What is the highest common factor of 100 and 5160?
20
What is the highest common divisor of 57 and 786?
3
Calculate the greatest common factor of 8 and 20344.
8
Calculate the greatest common divisor of 865 and 50.
5
What is the highest common factor of 19 and 46?
1
What is the highest common divisor of 30 and 60?
30
What is the highest common divisor of 98 and 21?
7
Calculate the greatest common factor of 43 and 731.
43
Calculate the highest common factor of 144 and 24372.
36
Calculate the greatest common factor of 35 and 40.
5
What is the highest common divisor of 108 and 3456?
108
Calculate the highest common divisor of 7 and 217.
7
Calculate the highest common divisor of 9 and 5.
1
Calculate the highest common divisor of 11877 and 222.
111
Calculate the highest common divisor of 1799 and 28.
7
What is the highest common factor of 95 and 18905?
95
What is the highest common factor of 24 and 3396?
12
What is the highest common divisor of 3410 and 186?
62
What is the greatest common factor of 2576 and 16?
16
What is the greatest common factor of 12 and 4416?
12
Calculate the greatest common factor of 13 and 5655.
13
Calculate the greatest common divisor of 3724 and 98.
98
What is the greatest common factor of 81 and 72?
9
Calculate the greatest common divisor of 3870 and 180.
90
Calculate the greatest common factor of 350 and 1540.
70
What is the greatest common factor of 175 and 70?
35
What is the highest common divisor of 2825 and 25?
25
Calculate the greatest common factor of 2320 and 100.
20
Calculate the greatest common factor of 72 and 1104.
24
What is the highest common factor of 22 and 3102?
22
Calculate the highest common factor of 3411 and 9.
9
Calculate the greatest common factor of 5364 and 36.
36
Calculate the greatest common divisor of 8 and 56.
8
What is the highest common factor of 224 and 256?
32
What is the highest common divisor of 16 and 28240?
16
What is the highest common factor of 188 and 47?
47
What is the highest common divisor of 72 and 1332?
36
Calculate the highest common factor of 1300 and 104.
52
What is the highest common divisor of 9 and 45?
9
What is the greatest common divisor of 39 and 624?
39
What is the highest common divisor of 24 and 5448?
24
Calculate the highest common factor of 966 and 378.
42
What is the highest common divisor of 14472 and 216?
216
Calculate the greatest common factor of 301 and 215.
43
What is the highest common divisor of 120 and 285?
15
What is the highest common factor of 335 and 201?
67
Calculate the greatest common divisor of 1326 and 6.
6
Calculate the highest common factor of 990 a